{"id":1764,"date":"2016-01-26T00:10:48","date_gmt":"2016-01-26T00:10:48","guid":{"rendered":"http:\/\/jocatapult.de\/?product=1-fach-theraband-gold-fuer-zwilleschleuder-laenge-21-cm"},"modified":"2025-03-09T14:08:25","modified_gmt":"2025-03-09T14:08:25","slug":"1-fach-theraband-gold-fuer-zwilleschleuder-laenge-21-cm","status":"publish","type":"product","link":"https:\/\/jocatapult.de\/?product=1-fach-theraband-gold-fuer-zwilleschleuder-laenge-21-cm","title":{"rendered":"3 x 1 Fach Theraband Gold f\u00fcr Zwille &#8211; verschiedene L\u00e4ngen"},"content":{"rendered":"<p>Video: Herstellung eines goldenen 1 Fach Flachbandes<\/p>\n<div class=\"jetpack-video-wrapper\"><iframe hcb-fetch-image-from=\"https:\/\/youtube.com\/watch?v=4rJmiuDYrrk\" title=\"Flachbandgummi f\u00fcr Schleuder\/Zwille aus Thera-Band herstellen + Materialliste.\" width=\"720\" height=\"405\" src=\"https:\/\/www.youtube.com\/embed\/4rJmiuDYrrk?feature=oembed\" frameborder=\"0\" allow=\"accelerometer; autoplay; clipboard-write; encrypted-media; gyroscope; picture-in-picture; web-share\" referrerpolicy=\"strict-origin-when-cross-origin\" allowfullscreen><\/iframe><\/div>\n<p>Video: Flachband an Schleuder befestigen<\/p>\n<div class=\"jetpack-video-wrapper\"><iframe hcb-fetch-image-from=\"https:\/\/youtu.be\/PfVKy57zCrs\" title=\"Ersatzband an Zwille\/Schleuder\/Slingshot befestigen - so einfach gehts!\" width=\"720\" height=\"405\" src=\"https:\/\/www.youtube.com\/embed\/PfVKy57zCrs?feature=oembed\" frameborder=\"0\" allow=\"accelerometer; autoplay; clipboard-write; encrypted-media; gyroscope; picture-in-picture; web-share\" referrerpolicy=\"strict-origin-when-cross-origin\" allowfullscreen><\/iframe><\/div>\n","protected":false},"excerpt":{"rendered":"<p>3 St\u00fcck &#8211; Einfaches Flachbandgummi aus Theraband gold. <\/p>\n<p>Das einfache Flachbandgummi ist zum montieren an Eigenbauzwillen oder Industriezwillen geeignet. Es ist aus dem starken Theraband gold hergestellt und in den L\u00e4ngen 21cm, 25cm und 30cm erh\u00e4ltlich. Das Band hat einen konischen Zuschnitt und ist dadurch leistungsf\u00e4higer als gerade zugeschnittene B\u00e4nder.<\/p>\n<p><strong>L\u00e4nge:<\/strong> Die L\u00e4nge ist danach auszuw\u00e4hlen, ob man bis zum Kinn, der Wange (21cm L\u00e4nge) oder bis zur Schulter oder noch weiter ausziehen m\u00f6chte (25cm bis 30cm).<\/p>\n<p><strong>Bandzuschnitt:<\/strong> Der Bandzuschnitt ist danach auszuw\u00e4hlen wie breit die Gabel der Zwille ist. Bei einer Gabelbreite von 20mm am besten den Zuschnitt 20mm auf 12mm ausw\u00e4hlen. Wenn die Gabelbreite 25mm ist, ist jeder Zuschnitt w\u00e4hlbar. Dann kann man sich aussuchen ob man ein st\u00e4rkeres Band (25mm auf 12mm) oder ein leichteres (20mm auf 12mm) m\u00f6chte.<\/p>\n<p><strong>Lederst\u00fcck:<\/strong>\u00a0Das Leder ist aus stabilen K\u00e4nguruleder und besonders rei\u00dffest. Es ist w\u00e4hlbar als 4cm Mini-Pouch oder 6,5cm Standard-Pouch L\u00e4nge und hat zus\u00e4tzliche L\u00f6cher f\u00fcr weniger Luftwiderstand. Es ist in 4 Farben erh\u00e4ltlich.<\/p>\n<p><strong>Schussobjektgr\u00f6\u00dfe<\/strong>: etwa 8 bis 12 mm<\/p>\n<p><strong>Haltbarkeit:<\/strong> Gummib\u00e4nder sind Verschlei\u00dfteile und haben eine begrenzte Lebensdauer. In den mei\u00dfsten F\u00e4llen rei\u00dfen sie zuerst an der Bindestelle bei dem Lederst\u00fcck.<\/p>\n","protected":false},"featured_media":4735,"comment_status":"closed","ping_status":"closed","template":"","meta":{"jetpack_post_was_ever_published":false},"product_cat":[143,117],"product_tag":[160,158,162,161,182,159,189],"_links":{"self":[{"href":"https:\/\/jocatapult.de\/index.php?rest_route=\/wp\/v2\/product\/1764"}],"collection":[{"href":"https:\/\/jocatapult.de\/index.php?rest_route=\/wp\/v2\/product"}],"about":[{"href":"https:\/\/jocatapult.de\/index.php?rest_route=\/wp\/v2\/types\/product"}],"replies":[{"embeddable":true,"href":"https:\/\/jocatapult.de\/index.php?rest_route=%2Fwp%2Fv2%2Fcomments&post=1764"}],"wp:featuredmedia":[{"embeddable":true,"href":"https:\/\/jocatapult.de\/index.php?rest_route=\/wp\/v2\/media\/4735"}],"wp:attachment":[{"href":"https:\/\/jocatapult.de\/index.php?rest_route=%2Fwp%2Fv2%2Fmedia&parent=1764"}],"wp:term":[{"taxonomy":"product_cat","embeddable":true,"href":"https:\/\/jocatapult.de\/index.php?rest_route=%2Fwp%2Fv2%2Fproduct_cat&post=1764"},{"taxonomy":"product_tag","embeddable":true,"href":"https:\/\/jocatapult.de\/index.php?rest_route=%2Fwp%2Fv2%2Fproduct_tag&post=1764"}],"curies":[{"name":"wp","href":"https:\/\/api.w.org\/{rel}","templated":true}]}}